{"id":2334,"date":"2024-11-25T21:15:16","date_gmt":"2024-11-25T21:15:16","guid":{"rendered":"https:\/\/colchonescamudi.com.ar\/web\/?page_id=2334"},"modified":"2024-12-05T04:00:20","modified_gmt":"2024-12-05T04:00:20","slug":"preguntas-frecuentes","status":"publish","type":"page","link":"https:\/\/colchonescamudi.com.ar\/web\/preguntas-frecuentes\/","title":{"rendered":"Preguntas Frecuentes"},"content":{"rendered":"\t\t<div data-elementor-type=\"wp-page\" data-elementor-id=\"2334\" class=\"elementor elementor-2334\">\n\t\t\t\t<div class=\"elementor-element elementor-element-3de3f6b e-flex e-con-boxed wpr-particle-no wpr-jarallax-no wpr-parallax-no wpr-sticky-section-no e-con e-parent\" data-id=\"3de3f6b\" data-element_type=\"container\" data-e-type=\"container\">\n\t\t\t\t\t<div class=\"e-con-inner\">\n\t\t\t\t<div class=\"elementor-element elementor-element-bf09e1f elementor-widget elementor-widget-spacer\" data-id=\"bf09e1f\" data-element_type=\"widget\" data-e-type=\"widget\" data-widget_type=\"spacer.default\">\n\t\t\t\t<div class=\"elementor-widget-container\">\n\t\t\t\t\t\t\t<div class=\"elementor-spacer\">\n\t\t\t<div class=\"elementor-spacer-inner\"><\/div>\n\t\t<\/div>\n\t\t\t\t\t\t<\/div>\n\t\t\t\t<\/div>\n\t\t\t\t<div class=\"elementor-element elementor-element-69f4fdd elementor-widget elementor-widget-heading\" data-id=\"69f4fdd\" data-element_type=\"widget\" data-e-type=\"widget\" data-widget_type=\"heading.default\">\n\t\t\t\t<div class=\"elementor-widget-container\">\n\t\t\t\t\t<h2 class=\"elementor-heading-title elementor-size-default\">Preguntas Frecuentes<\/h2>\t\t\t\t<\/div>\n\t\t\t\t<\/div>\n\t\t\t\t<div class=\"elementor-element elementor-element-38a7ca7 elementor-widget elementor-widget-spacer\" data-id=\"38a7ca7\" data-element_type=\"widget\" data-e-type=\"widget\" data-widget_type=\"spacer.default\">\n\t\t\t\t<div class=\"elementor-widget-container\">\n\t\t\t\t\t\t\t<div class=\"elementor-spacer\">\n\t\t\t<div class=\"elementor-spacer-inner\"><\/div>\n\t\t<\/div>\n\t\t\t\t\t\t<\/div>\n\t\t\t\t<\/div>\n\t\t\t\t<div class=\"elementor-element elementor-element-0eec3a7 elementor-widget elementor-widget-text-editor\" data-id=\"0eec3a7\" data-element_type=\"widget\" data-e-type=\"widget\" data-widget_type=\"text-editor.default\">\n\t\t\t\t<div class=\"elementor-widget-container\">\n\t\t\t\t\t\t\t\t\t<h5><strong>1. <span style=\"text-decoration: underline;\">\u00bfComo elegir el colch\u00f3n adecuado para m\u00ed?<\/span><\/strong><\/h5>\nEs importante que consideres su firmeza, tama\u00f1o y materiales de construcci\u00f3n. La firmeza debe adaptarse a tus preferencias y necesidades de comodidad, elige un colch\u00f3n con nivel de firmeza adecuado para tu peso.\n\nAsegurate de que tu colch\u00f3n, sea del tama\u00f1o adecuado para tu cama y habitaci\u00f3n.\n<h5><strong>2. <span style=\"text-decoration: underline;\">\u00bfComo cuidar mi colch\u00f3n?<\/span><\/strong><\/h5>\nPara cuidar y mantener tu colch\u00f3n en buen estado te recomendamos protegerlo de derrames y manchas. Para prevenir el desgaste y el asentamiento desigual, te aconsejamos rotar el colch\u00f3n regularmente. Esto tambi\u00e9n favorece la aireaci\u00f3n del producto, lo que puede mejorar su vida \u00fatil. Deber\u00e1 colocarse sobre una superficie r\u00edgida y uniforme, tener en cuenta que no una mala base o sommier puede da\u00f1ar o perjudicar el colch\u00f3n.\n\nColocar lejos de estufas u otras fuentes de calor para impedir que se deteriore el color y la textura.\n<h5><strong>3. \u00bf<\/strong><span style=\"text-decoration: underline;\"><strong>Como puedo saber si necesito reemplazar mi colch\u00f3n?<\/strong><\/span><\/h5>\nSi despertas con dolores o molestias, puede ser se\u00f1al de que el colch\u00f3n ya no te brinda el soporte adecuado. Si notas hundimiento y deformaciones significativas en la superficie del colch\u00f3n.\n\nTambi\u00e9n considerar reemplazarlo si experimentas dificultades para dormir o te despiertas con sensaci\u00f3n de cansancio.\n<h5><strong>4. <\/strong><span style=\"text-decoration: underline;\"><strong>\u00bfEs mejor un colch\u00f3n con Pillow o sin Pillow?<\/strong><\/span><\/h5>\nLa elecci\u00f3n depende de tus preferencias personales y necesidades. Un colch\u00f3n con Pillow ofrece una capa adicional de comodidad y suavidad, puede proporcionar un mayor aislamiento y reducir la transferencia de movimiento. Un colch\u00f3n sin Pillow puede ser mas firme y ofrecer un soporte mas directo. Esto permite sentir la firmeza y el soporte del colch\u00f3n de manera mas directa.\t\t\t\t\t\t\t\t<\/div>\n\t\t\t\t<\/div>\n\t\t\t\t\t<\/div>\n\t\t\t\t<\/div>\n\t\t<div class=\"elementor-element elementor-element-67bc100 e-con-full full-width elementor-hidden-desktop elementor-hidden-tablet e-flex wpr-particle-no wpr-jarallax-no wpr-parallax-no e-con e-parent\" data-id=\"67bc100\" data-element_type=\"container\" data-e-type=\"container\" data-settings=\"{&quot;background_background&quot;:&quot;classic&quot;}\">\n\t\t\t\t<div class=\"elementor-element elementor-element-461ed08 e-transform elementor-widget elementor-widget-image\" data-id=\"461ed08\" data-element_type=\"widget\" data-e-type=\"widget\" data-settings=\"{&quot;motion_fx_motion_fx_mouse&quot;:&quot;yes&quot;,&quot;motion_fx_mouseTrack_effect&quot;:&quot;yes&quot;,&quot;motion_fx_mouseTrack_speed&quot;:{&quot;unit&quot;:&quot;px&quot;,&quot;size&quot;:5.7,&quot;sizes&quot;:[]},&quot;_transform_translateX_effect&quot;:{&quot;unit&quot;:&quot;px&quot;,&quot;size&quot;:400,&quot;sizes&quot;:[]},&quot;_transform_translateX_effect_tablet&quot;:{&quot;unit&quot;:&quot;px&quot;,&quot;size&quot;:&quot;&quot;,&quot;sizes&quot;:[]},&quot;_transform_translateX_effect_mobile&quot;:{&quot;unit&quot;:&quot;px&quot;,&quot;size&quot;:&quot;&quot;,&quot;sizes&quot;:[]},&quot;_transform_translateY_effect&quot;:{&quot;unit&quot;:&quot;px&quot;,&quot;size&quot;:&quot;&quot;,&quot;sizes&quot;:[]},&quot;_transform_translateY_effect_tablet&quot;:{&quot;unit&quot;:&quot;px&quot;,&quot;size&quot;:&quot;&quot;,&quot;sizes&quot;:[]},&quot;_transform_translateY_effect_mobile&quot;:{&quot;unit&quot;:&quot;px&quot;,&quot;size&quot;:&quot;&quot;,&quot;sizes&quot;:[]}}\" data-widget_type=\"image.default\">\n\t\t\t\t<div class=\"elementor-widget-container\">\n\t\t\t\t\t\t\t\t\t\t\t\t\t\t\t<img decoding=\"async\" width=\"31\" height=\"32\" src=\"https:\/\/colchonescamudi.com.ar\/web\/wp-content\/uploads\/2024\/11\/blue-shine.png\" class=\"attachment-large size-large wp-image-1585\" alt=\"\" \/>\t\t\t\t\t\t\t\t\t\t\t\t\t\t\t<\/div>\n\t\t\t\t<\/div>\n\t\t\t\t<div class=\"elementor-element elementor-element-e32e9f8 wpr-fancy-text-slide wpr-advanced-text-style-animated wpr-animated-text-infinite-yes elementor-widget elementor-widget-wpr-advanced-text\" data-id=\"e32e9f8\" data-element_type=\"widget\" data-e-type=\"widget\" data-settings=\"{&quot;anim_loop&quot;:&quot;yes&quot;}\" data-widget_type=\"wpr-advanced-text.default\">\n\t\t\t\t<div class=\"elementor-widget-container\">\n\t\t\t\t\t\n\t\t<p class=\"wpr-advanced-text\">\n\n\t\t\t\t\t\n\t\t\t\n\t\t<span class=\"wpr-anim-text wpr-anim-text-type-slide\" data-anim-duration=\"1000,2000\" data-anim-loop=\"yes\">\n\t\t\t<span class=\"wpr-anim-text-inner\">\n\t\t\t\t\t\t\t\t\t<b>Presentes en todo el pa\u00eds<\/b>\n\t\t\t\t\t\t\t\t\t<b>M\u00e1s de 20 a\u00f1os de experiencia<\/b>\n\t\t\t\t\t\t\t\t\t<b>Venta mayorista y minorista<\/b>\n\t\t\t\t\t\t\t<\/span>\n\t\t\t\t\t<\/span>\n\n\t\t\t\t\n\t\t<\/p>\n\t\t\n\t\t\t\t\t\t<\/div>\n\t\t\t\t<\/div>\n\t\t\t\t<\/div>\n\t\t<div class=\"elementor-element elementor-element-73e27ec e-con-full e-flex wpr-particle-no wpr-jarallax-no wpr-parallax-no wpr-sticky-section-no e-con e-parent\" data-id=\"73e27ec\" data-element_type=\"container\" data-e-type=\"container\">\n\t\t<div class=\"elementor-element elementor-element-8001eec e-con-full elementor-hidden-mobile e-flex wpr-particle-no wpr-jarallax-no wpr-parallax-no wpr-sticky-section-no e-con e-child\" data-id=\"8001eec\" data-element_type=\"container\" data-e-type=\"container\">\n\t\t<div class=\"elementor-element elementor-element-2135c76 e-con-full full-width e-flex wpr-particle-no wpr-jarallax-no wpr-parallax-no e-con e-child\" data-id=\"2135c76\" data-element_type=\"container\" data-e-type=\"container\" data-settings=\"{&quot;background_background&quot;:&quot;classic&quot;}\">\n\t\t\t\t<div class=\"elementor-element elementor-element-b484c8d e-transform elementor-widget elementor-widget-image\" data-id=\"b484c8d\" data-element_type=\"widget\" data-e-type=\"widget\" data-settings=\"{&quot;motion_fx_motion_fx_mouse&quot;:&quot;yes&quot;,&quot;motion_fx_mouseTrack_effect&quot;:&quot;yes&quot;,&quot;motion_fx_mouseTrack_speed&quot;:{&quot;unit&quot;:&quot;px&quot;,&quot;size&quot;:5.7,&quot;sizes&quot;:[]},&quot;_transform_translateX_effect&quot;:{&quot;unit&quot;:&quot;px&quot;,&quot;size&quot;:400,&quot;sizes&quot;:[]},&quot;_transform_translateX_effect_tablet&quot;:{&quot;unit&quot;:&quot;px&quot;,&quot;size&quot;:&quot;&quot;,&quot;sizes&quot;:[]},&quot;_transform_translateX_effect_mobile&quot;:{&quot;unit&quot;:&quot;px&quot;,&quot;size&quot;:&quot;&quot;,&quot;sizes&quot;:[]},&quot;_transform_translateY_effect&quot;:{&quot;unit&quot;:&quot;px&quot;,&quot;size&quot;:&quot;&quot;,&quot;sizes&quot;:[]},&quot;_transform_translateY_effect_tablet&quot;:{&quot;unit&quot;:&quot;px&quot;,&quot;size&quot;:&quot;&quot;,&quot;sizes&quot;:[]},&quot;_transform_translateY_effect_mobile&quot;:{&quot;unit&quot;:&quot;px&quot;,&quot;size&quot;:&quot;&quot;,&quot;sizes&quot;:[]}}\" data-widget_type=\"image.default\">\n\t\t\t\t<div class=\"elementor-widget-container\">\n\t\t\t\t\t\t\t\t\t\t\t\t\t\t\t<img decoding=\"async\" width=\"31\" height=\"32\" src=\"https:\/\/colchonescamudi.com.ar\/web\/wp-content\/uploads\/2024\/11\/blue-shine.png\" class=\"attachment-large size-large wp-image-1585\" alt=\"\" \/>\t\t\t\t\t\t\t\t\t\t\t\t\t\t\t<\/div>\n\t\t\t\t<\/div>\n\t\t\t\t<div class=\"elementor-element elementor-element-00c5ef1 wpr-fancy-text-slide elementor-widget__width-inherit wpr-advanced-text-style-animated wpr-animated-text-infinite-yes elementor-widget elementor-widget-wpr-advanced-text\" data-id=\"00c5ef1\" data-element_type=\"widget\" data-e-type=\"widget\" data-settings=\"{&quot;anim_loop&quot;:&quot;yes&quot;}\" data-widget_type=\"wpr-advanced-text.default\">\n\t\t\t\t<div class=\"elementor-widget-container\">\n\t\t\t\t\t\n\t\t<p class=\"wpr-advanced-text\">\n\n\t\t\t\t\t\n\t\t\t\n\t\t<span class=\"wpr-anim-text wpr-anim-text-type-slide\" data-anim-duration=\"1000,2000\" data-anim-loop=\"yes\">\n\t\t\t<span class=\"wpr-anim-text-inner\">\n\t\t\t\t\t\t\t\t\t<b>Nuestros productos presentes a lo largo del pa\u00eds<\/b>\n\t\t\t\t\t\t\t\t\t<b>M\u00e1s de 20 a\u00f1os de experiencia fabricando productos para un buen dormir<\/b>\n\t\t\t\t\t\t\t\t\t<b>Cont\u00e1ctanos para venta mayorista y minorista<\/b>\n\t\t\t\t\t\t\t<\/span>\n\t\t\t\t\t<\/span>\n\n\t\t\t\t\n\t\t<\/p>\n\t\t\n\t\t\t\t\t\t<\/div>\n\t\t\t\t<\/div>\n\t\t\t\t<\/div>\n\t\t\t\t<\/div>\n\t\t\t\t<\/div>\n\t\t\t\t<\/div>\n\t\t","protected":false},"excerpt":{"rendered":"<p>Preguntas Frecuentes 1. \u00bfComo elegir el colch\u00f3n adecuado para m\u00ed? Es importante que consideres su firmeza, tama\u00f1o y materiales de construcci\u00f3n. La firmeza debe adaptarse a tus preferencias y necesidades de comodidad,<a class=\"moretag\" href=\"https:\/\/colchonescamudi.com.ar\/web\/preguntas-frecuentes\/\">Leer m\u00e1s&#8230;<\/a><\/p>\n","protected":false},"author":2,"featured_media":0,"parent":0,"menu_order":0,"comment_status":"closed","ping_status":"closed","template":"elementor_header_footer","meta":{"footnotes":""},"class_list":["post-2334","page","type-page","status-publish","hentry"],"_links":{"self":[{"href":"https:\/\/colchonescamudi.com.ar\/web\/wp-json\/wp\/v2\/pages\/2334","targetHints":{"allow":["GET"]}}],"collection":[{"href":"https:\/\/colchonescamudi.com.ar\/web\/wp-json\/wp\/v2\/pages"}],"about":[{"href":"https:\/\/colchonescamudi.com.ar\/web\/wp-json\/wp\/v2\/types\/page"}],"author":[{"embeddable":true,"href":"https:\/\/colchonescamudi.com.ar\/web\/wp-json\/wp\/v2\/users\/2"}],"replies":[{"embeddable":true,"href":"https:\/\/colchonescamudi.com.ar\/web\/wp-json\/wp\/v2\/comments?post=2334"}],"version-history":[{"count":19,"href":"https:\/\/colchonescamudi.com.ar\/web\/wp-json\/wp\/v2\/pages\/2334\/revisions"}],"predecessor-version":[{"id":2644,"href":"https:\/\/colchonescamudi.com.ar\/web\/wp-json\/wp\/v2\/pages\/2334\/revisions\/2644"}],"wp:attachment":[{"href":"https:\/\/colchonescamudi.com.ar\/web\/wp-json\/wp\/v2\/media?parent=2334"}],"curies":[{"name":"wp","href":"https:\/\/api.w.org\/{rel}","templated":true}]}}